f 1 and l?
1
Let v be (16/10)/(14/(-6615)*-21). Calculate the greatest common factor of 1179 and v.
9
Suppose -4*k + 3*k + 37 = 0. Let i = k + -24. Suppose 85*m - 3547 + 1408 = 2281. What is the greatest common divisor of m and i?
13
Suppose 0 = -8*g + 73 + 55. What is the highest common divisor of 68 and g?
4
Let m be (123 - (5 + -15)) + (2 - -1). Suppose -55*f + 59*f - u = 92, 4*f + 2*u - 104 = 0. Calculate the highest common divisor of m and f.
8
Let n(i) = -i**3 - 11*i**2 + 60*i - 8. Let j be n(-15). Let o be ((-28)/j - (-18)/(-12)) + 4. Let w = 32 - 20. Calculate the greatest common divisor of w and o.
6
Let b be 34 - (-20 + 19 - (-1 - 1)). Let c(t) = 10*t**2 + 2*t - 3. Let l be c(4). What is the greatest common divisor of l and b?
33
Let l(n) = -n**3 + 22*n**2 - 116*n - 3. Let j be l(10). What is the highest common factor of 851 and j?
37
Let p be 41*1 + (-19)/266*154. What is the greatest common factor of p and 3880?
10
Suppose 142*m - 980236 = -130650. What is the greatest common factor of 31 and m?
31
Suppose 0 = 4*j - 2*v - 290, 0 = j + 6*v - 7*v - 74. Let c = -69 + j. Suppose -4*k = c*k - 492. What is the highest common divisor of k and 205?
41
Let f = 21498 - -17277. Calculate the highest common factor of f and 275.
275
Let n be 1 + 1 - (-39 + 33). Let p be (-5 - (8 - n))/(1/(-16)). What is the highest common divisor of p and 40?
40
Suppose 3*i - 416 = 5*x - 651, -5*i = 4*x - 151. Calculate the greatest common divisor of x and 66.
22
Let v = -53 + 74. Suppose -4*h - 599 = -127. Let w = h + 181. What is the greatest common factor of v and w?
21
Let o be (5/(-6))/1*-6 - 0. Suppose 0*w - o*w + 2682 = -b, -2138 = -4*w - 3*b. Calculate the greatest common divisor of 16 and w.
8
Let v(c) = -7*c + 1. Let j be v(-1). Let p = -192 + 184. Let n be (-8)/30*3*20/p. Calculate the greatest common factor of n and j.
2
Suppose -1383*u = -1424*u + 9635. What is the greatest common divisor of u and 19270?
235
Let v be (-1)/5 + 9531/(-45). Let j = v - -233. Calculate the greatest common factor of j and 21.
21
Let g be (3*10/(-195) - 30705/(-1599)) + 16/(-328). Suppose -229 - 1006 = -5*a. Calculate the highest common factor of a and g.
19
Let f be (-360)/80*(2/(-3) + 0). Let c be (-10 - -7) + (78 - f). What is the greatest common factor of c and 18?
18
Let p = -40 - -85. Suppose 62*u - 336 = 65*u. Let d = u - -130. Calculate the greatest common factor of d and p.
9
Let j = -689 + 690. Let i be j/(6 - 1650/276). Let w = 126 + 58. Calculate the greatest common factor of i and w.
46
Let c be (-10777)/(-5 - 8) - (9 + 1). What is the highest common factor of 15 and c?
3
Suppose 5*i = 3*m - 112, 2*m - 113 + 53 = -4*i. Calculate the highest common divisor of 1037 and m.
17
Let h = 11619 - 9639. Calculate the greatest common factor of h and 108.
36
Let t(c) = 82*c - 429. Let p be t(7). Calculate the highest common factor of p and 135.
5
Suppose -5*k - i = -1347, 2*k + 156 - 690 = -2*i. Calculate the greatest common factor of k and 3210.
30
Let h = -12 + 6. Let p be h/(-4) + -2 + (-46)/(-4). Suppose -r + p = -19. What is the highest common divisor of 240 and r?
30
Let m = 13992 + -13698. What is the highest common factor of m and 357?
21
Suppose 0 = -b - 4*b - 20, 3*s + b = -115. Let q(m) = -m**2 - 42*m - 162. Let l be q(s). What is the highest common divisor of 828 and l?
23
Suppose -2133*r + 123578 = 18400 - 253212 + 12844. Suppose -129 - 15 = -2*q. What is the highest common factor of r and q?
18
Let g be 22/3 + 2/3. Suppose -50*r + 1080 = -49*r. Let u = 1096 - r. What is the greatest common divisor of u and g?
8
Suppose -3*d + 405 = -48*d. Let s be 23/(92/(-384))*d/4. Calculate the highest common divisor of s and 24.
24
Let l = 9749 - 9738. Calculate the greatest common divisor of l and 1639.
11
Suppose -30 = -3*c + 4*x, -2*x = -6*x - 12. Let t(d) = -3*d + 20. Let k be t(c). Let g be (-2 + 1)*-7 - -1. Calculate the greatest common factor of g and k.
2
Let p be (-14)/8 + ((-2)/8 - 0). Let f be 28*(-11)/(-5) - p/5. Suppose -3*h = 5*g - 213, g = 3*h - 293 + f. What is the greatest common factor of 19 and h?
19
Let i = 16483 - 13838. What is the greatest common factor of 115 and i?
115
Let f(r) = -244*r + 266. Let y be f(-2). Calculate the greatest common factor of y and 87.
29
Let m be 270 - (4 + 10 + 0). Calculate the highest common factor of m and 8.
8
Let a be (-40)/6*72/(-30) + 2. Suppose d - 651 = -3*y - 66, -5*y - 1797 = -3*d. What is the greatest common divisor of d and a?
18
Let q = 471 - 471. Suppose 19*x - 494 = -q*x. Calculate the highest common factor of 442 and x.
26
Suppose l - 2*l - 2*o = -7, 5*o = 10. Let y(x) = -270 + 142 + 140 + 16*x. Let p be y(l). Calculate the highest common factor of 12 and p.
12
Let s = -116 + 119. Suppose -2*v - s*x = -4*v + 1, v - 3 = -x. Suppose -6 = -v*w + 14. Calculate the greatest common factor of w and 6.
2
Let l(o) = 116*o**2 + 4*o - 19. Let g be l(6). Let v = g - -279. Let b be 2/(-6) + v/15. Calculate the greatest common factor of b and 27.
27
Suppose -30*g = -31*g + 242. Let z = g - 217. Calculate the highest common factor of 350 and z.
25
Let c(d) = 3*d - 18. Let v be c(8). Suppose -339 = -v*u + 1443. Calculate the greatest common factor of u and 27.
27
Let t be -3*4/12*-1. Let j be (-457 - 50)*t/3*-1. Calculate the highest common divisor of j and 13.
13
Let z(a) = -9*a - 23. Suppose 0 = 45*p - 52*p - 49. Let s be z(p). Calculate the greatest common factor of 10 and s.
10
Let x = 52 + -23. Suppose -4*f + 2*f + 69 = 5*n, -f + x = -3*n. Suppose -8*d = -18*d - 81*d + 364. Calculate the greatest common factor of f and d.
4
Let i be 42408/72*1*-1. Let l = -566 - i. Suppose -r + 46 = -0*r. What is the highest common divisor of r and l?
23
Suppose -7*k + 5*y = -5*k - 1019, -2490 = -5*k + y. Calculate the greatest common factor of k and 213.
71
Let u(y) = -6*y**3 - 41*y**2 + 40*y - 81. Let d be u(-18). Calculate the highest common factor of d and 207.
207
Let t(y) = 5*y - 37. Let o be t(8). Suppose -o*x + 3*i = -87, 2*x = 15*i - 11*i + 58. Calculate the highest common factor of 87 and x.
29
Let f = 9287 + -9274. Calculate the greatest common factor of f and 832.
13
Let f be -93 - -104 - (3 - -33197)/(-2). What is the greatest common factor of f and 98?
49
Let i be (27/6)/(-9)*-554. Let a = i - -92. Calculate the highest common factor of a and 9.
9
Let p(w) = -w**2 + 81*w - 35. Let z be p(53). Calculate the greatest common divisor of 112 and z.
7
Suppose 0 = 83*f - 31*f - 9*f - 430. Let t = 75 - -103. Let u = -8 + t. Calculate the highest common divisor of u and f.
10
Let r be 2*(-2)/6 + (-22303426)/(-8079). What is the highest common factor of 264 and r?
24
Let k be (-16457)/(-88) + 370/(-32560). Let v(i) = 13*i**2 - 1. Let r be v(2). What is the greatest common divisor of r and k?
17
Let k(w) = -3*w**3 + 8*w**2 + 4*w + 14. Let b be k(-4). Let i = 507 - b. Calculate the greatest common divisor of 27 and i.
27
Suppose 2*v - 30 = 4*i, 4*i - 30 = -2*v + 2*i. Let t be 16/120 - (-313)/v. What is the highest common divisor of 49 and t?
7
Suppose -1027 = -3*g + 2*p, -293 - 392 = -2*g + p. What is the highest common factor of 1323 and g?
49
Let y = -54 + 102. Suppose z + 5*b = 6*b + 70, -3*b = -6. Suppose -78*x = -76*x - z. What is the greatest common divisor of x and y?
12
Suppose 0 = 3*x + 5*y - 144, 2*y + 98 = 3*x - 46. What is the greatest common divisor of x and 2352?
48
Suppose 13 + 10 = -r. Let s be r + 31 - (-4)/(-1). Suppose 86 = 2*a + 2*k - 3*k, 3*a - 3*k = 126. Calculate the greatest common factor of a and s.
4
Let k(l) = -l**2 - 18*l + 16. Let v be k(-19). Let x be 6 + 66/10 + v/5. Calculate the greatest common divisor of 324 and x.
12
Suppose 4*m - h - 10 = 0, -3*m + 19 = -2*h + 7*h. Suppose -8 = -m*v + 37. Calculate the highest common divisor of v and 135.
15
Suppose 4*y - 548 = 7*j - 8*j, -4*y - 3*j = -564. What is the greatest common factor of y and 4509?
27
Suppose -26*j = -908 - 696 + 564. What is the highest common factor of 208 and j?
8
Let p be 5/((-30)/36) + 29. Suppose -3*n + 59 = p. Calculate the greatest common factor of n and 108.
12
Let o(r) = 593*r - 1648. Let h be o(9). Calculate the highest common divisor of h and 155.
31
Let s be 9/(-42)*-388 - -1 - 20/140. What is the greatest common div